ivided by 37?
35
Suppose -s + 21 = 7. What is the remainder when 26 is divided by s?
12
Let b = 0 + 20. What is the remainder when 56 is divided by b?
16
Suppose -19*r + 86 = -17*r. Calculate the remainder when r is divided by 12.
7
Suppose x - 14 = -0*x. What is the remainder when x is divided by 8/(-20) + (-22)/(-5)?
2
Suppose 0 = -3*h + 2*k + 55, -5 = -2*h + h - 2*k. Suppose 8*l + 5*l - 767 = 0. Calculate the remainder when l is divided by h.
14
What is the remainder when 99 is divided by 3 - 1 - 414/(-18)?
24
Let f be (-3 - 1/(-2))*-2. Suppose 27 = d + 3*q - 7*q, f*d - 5*q = 75. Calculate the remainder when 42 is divided by d.
9
Let l(t) = -4*t**2 + 5*t + 2. Let h be l(5). Let b = 136 + h. Suppose 2*p = -3*s + 77 + 59, p - s = b. Calculate the remainder when p is divided by 22.
21
Suppose 5*k - 57 = -2*f, 5*k + 0*k + 25 = 0. Let i(t) = 3*t - 13. Calculate the remainder when f is divided by i(9).
13
Let q(s) = 3*s + 2. Let g(p) = 3*p**2 + 0*p**3 + 4*p**3 + 7 + 3*p**2 - 3*p**3. What is the remainder when q(6) is divided by g(-6)?
6
Let a(v) = v**3 + 7 + 5*v**2 - 6*v + 2*v**2 - 7*v + 5*v. What is the remainder when (-2 + 3)/(2/22) is divided by a(-8)?
4
Let v(j) = -j**3 - 42*j**2 - 41*j + 16. Suppose 0 = -5*n + 178 - 23. Calculate the remainder when n is divided by v(-41).
15
Suppose -4*a + 2*t + 250 = 0, -3*t = -0*a + 4*a - 275. What is the remainder when a is divided by 11?
10
Suppose 2*m - 5*q - 1 - 27 = 0, 3*m - 5*q = 42. Let h = 6 - 3. Suppose h*j + j = 160. Calculate the remainder when j is divided by m.
12
Let f(d) = d**3 + 11*d**2 - 21. Calculate the remainder when f(-10) is divided by 17.
11
Suppose 0 = -4*x + 43 + 45. Suppose 8 = -2*f, 2*p - f - 158 = -2. Let t = p + -11. Calculate the remainder when t is divided by x.
21
Suppose l = 3*s - 1, -s + 77 = -5*l - 4*s. Calculate the remainder when 23 is divided by (0 - l)*(-1 - -2).
10
Let o = 20 - -1. What is the remainder when 102 is divided by o?
18
Suppose 6*k = 3*k + 12. Suppose -6*w + 40 = -2*w. What is the remainder when w is divided by k?
2
Calculate the remainder when 0/9 + 4*3 is divided by 3.
0
Suppose -3*x + 27 = -0*x. Let d = x - 3. Suppose d*j = -4*n + 2*j + 16, 0 = -4*j + 8. Calculate the remainder when 2 is divided by n.
0
Let g(m) = m**2 - 2*m + 2. Calculate the remainder when g(5) is divided by 18*(4 + 28/(-8)).
8
Suppose c + 5*j = 22, 0 = -2*c + 4*j - 15 + 45. Suppose 3*h = c + 16. What is the remainder when 41 is divided by h?
8
What is the remainder when 26 is divided by (3 - 0) + 4/1?
5
Let k be -2 + (-1 - -1) + -23. Let o = k + 35. What is the remainder when 39 is divided by o?
9
Let l(j) = -4*j - 2 + 4 + j**2 + 1. Let t be l(4). Suppose 12 = 3*f - t. What is the remainder when 9 is divided by f?
4
Let x be 3/(-6) - (-10)/4. Suppose 12 + 72 = x*b. Let d(z) = 2*z - 7. Calculate the remainder when b is divided by d(9).
9
Let g be (1/2)/((-1)/(-2)). Let s = g + 1. Suppose -l = -s*j - 19, -j - j = -3*l + 41. What is the remainder when 32 is divided by l?
10
Let x(o) = -26*o + 7. Let i(b) = -183*b + 48. Let d(z) = -4*i(z) + 27*x(z). What is the remainder when d(2) is divided by 20?
17
Suppose -20 - 7 = 3*s. Let b = 35 - 13. What is the remainder when b is divided by 3*(-2)/s*18?
10
Let z = 4 + 11. Calculate the remainder when z is divided by 4.
3
Let s = -165 - -20. Let r = -16 + 41. Calculate the remainder when s/(-2) - 2/(-4) is divided by r.
23
Suppose 184 - 1051 = 3*j. Let g(o) = -o**3 - 4*o**2 + 3*o + 4. Calculate the remainder when j/(-7) + (-16)/56 is divided by g(-5).
13
Let i(m) = 3*m**2 + 19. Let p(l) = -l**2 - 6. Let q(x) = -2*i(x) - 7*p(x). What is the remainder when q(5) is divided by 10?
9
Let a(m) = 81*m - 2. Let i be a(-1). Let l = -33 - i. Calculate the remainder when l is divided by 17.
16
Let r = -7 + 7. Suppose r = 3*t - 9 - 18. Calculate the remainder when 24 is divided by t.
6
Let c(d) = d**3 - 9*d**2 + 8*d + 3. Let g be c(8). Suppose z = g*z - x - 103, 3*z = -2*x + 137. Calculate the remainder when z is divided by 10.
9
Let s(j) = -1. Let l(h) = -h - 3. Let r(i) = l(i) - 4*s(i). Suppose -4*c + 2 = -10. Calculate the remainder when c is divided by r(-1).
1
Let l(j) = 2*j - 7. Let c be l(5). Suppose 0 = -c*q - 43 + 280. Calculate the remainder when q is divided by 20.
19
Let b = 10 + -7. What is the remainder when 74 is divided by 19/(2/6*b)?
17
Suppose 4*a = 5*r + 30, -r + 17 - 4 = 3*a. Let p(h) = h**3 - 1 - 4 + 10*h - a*h**2 - 4*h**2. Calculate the remainder when 21 is divided by p(8).
10
Suppose 335 = -10*x + 15*x. Calculate the remainder when x is divided by 14.
11
What is the remainder when 18 is divided by ((-3)/(-6))/(1/8)?
2
Let r(v) = -v**3 + 9*v**2 - 3*v + 12. What is the remainder when r(8) is divided by 18?
16
Let l = 2 - 1. Suppose -l = r - 4. Suppose -2*y + 12 = 4. Calculate the remainder when y is divided by r.
1
Let l = 133 - 84. Calculate the remainder when l is divided by 17.
15
Suppose 12 = -5*k - 4*r, -5*r - 20 = k - 5. Let s = 17 + k. Calculate the remainder when s is divided by 6.
5
Suppose -3*s = -7*s + 12, -2*s = -2*q. Suppose 0 = 4*z + q - 31. Suppose 4*y = z*y - 15. What is the remainder when 13 is divided by y?
3
Let n = -90 - -167. What is the remainder when n is divided by 20?
17
Let j = 0 - -3. Suppose 0*s - 112 = -2*x - 3*s, -5*x + 298 = j*s. Calculate the remainder when x is divided by 21.
20
Suppose -4*d + 12 = -d. Suppose t + d = -t, 0 = 3*a - 3*t + 72. Let q = -10 - a. Calculate the remainder when 61 is divided by q.
13
Suppose -2*q + 30 = 3*q. Suppose 46 = 4*k + q. What is the remainder when 29 is divided by k?
9
Let w be ((-6)/9)/(6/(-27)). Suppose -5*j + w*s + 8 = -0*s, -4*s = -16. Calculate the remainder when j is divided by 2.
0
Calculate the remainder when -3 + 9/((-9)/(-44)) is divided by 7.
6
Let j(w) = -w**3 - 6*w**2 - w - 1. Let u be j(-6). Suppose 5*s + 7 = c - 18, u*s + 45 = 2*c. Calculate the remainder when 77 is divided by c.
17
Let z = 3 + -2. Let k(m) = -8 - z - 2*m + 1. Calculate the remainder when 10 is divided by k(-6).
2
What is the remainder when 21 is divided by -3*(-1)/(-3)*-10?
1
Let x be 5/(3*(-2)/(-6)). Suppose -5*f = -0*f - x. Let r(a) = 24*a**2 - 2*a + 1. Calculate the remainder when r(f) is divided by 8.
7
Let r = -15 - -25. Let p(l) = 2*l - 4. Calculate the remainder when r is divided by p(4).
2
Let r(y) = y**3 + 12*y**2 + 3. Let q be (-3)/(-9) - 98/6. Let s = -11 - q. What is the remainder when s is divided by r(-12)?
2
Suppose -3 = 5*l + d + 6, 5*l + 4*d = -6. Let j = l - -4. What is the remainder when 2 is divided by j?
0
Let j(z) = -z**3 - 8*z**2 + 16*z + 8. Calculate the remainder when j(-10) is divided by 18.
12
Suppose -6 = -3*h - 0. Suppose 5*w - h*a = -5 + 60, 3*a - 22 = -2*w. What is the remainder when 41 is divided by w?
8
Suppose -5*o - h = 24, 2 = -3*o + 2*h - 2. Let d be 0 + 17*o/(-1). Let a = d + -37. Calculate the remainder when a is divided by 11.
9
Let n(g) = 5*g**3 - g**2. Let b be n(-1). Let c = b - -6. Calculate the remainder when c + -2 + (4 - -30) is divided by 11.
10
Let j(w) be the third derivative of -w**6/120 + 2*w**5/15 + w**4/24 + w**3/2 - 2*w**2. What is the remainder when 41 is divided by j(8)?
8
Suppose 5*a + 37 = 2*c - c, 5*c - 2*a = 185. What is the remainder when c is divided by 24?
13
What is the remainder when ((-2)/(-6))/((-5)/(-795)) is divided by 28?
25
What is the remainder when 47 is divided by ((-24)/(-14))/(6/42)?
11
Suppose p = 4 - 0. Suppose -m + 35 = p*m. What is the remainder when (8/(-12))/((-5)/90) is divided by m?
5
Let m = 0 + 1. Let q(d) = 10*d - 7. Let v(n) = -11*n + 8. Let k(i) = 7*q(i) + 6*v(i). Calculate the remainder when k(m) is divided by 2.
1
Let c(l) = 3*l**3 - l**2 + l + 1. Let j be c(-1). Let g = j + 11. Suppose -7*x + 15 = -76. Calculate the remainder when x is divided by g.
6
Suppose 2*n - n - 38 = -5*c, 2*n + 2*c - 116 = 0. Let t = n + -13. Calculate the remainder when t is divided by 13.
11
Calculate the remainder when (10/(-25))/((-2)/330) is divided by 23.
20
Let a = 110 + -60. Calculate the remainder when 95 is divided by a.
45
Let d(a) = -a + 2. Let f be d(0). Suppose h - 15 = -5*c, -f*c = 4*h - 2 - 4. Let i = 3 - h. What is the remainder when 9 is divided by i?
0
Let o(m) = -m**3 + m**2 - m + 1. Let t(s) = -s